0521?
2
What is the tens digit of 164157811?
1
What is the hundred thousands digit of 79359657?
3
What is the hundred thousands digit of 271074060?
0
What is the ten thousands digit of 898571912?
7
What is the hundreds digit of 405291130?
1
What is the thousands digit of 131978607?
8
What is the millions digit of 439277728?
9
What is the ten thousands digit of 23237879?
3
What is the ten millions digit of 150530085?
5
What is the units digit of 90964844?
4
What is the hundred thousands digit of 617349673?
3
What is the units digit of 690004244?
4
What is the ten thousands digit of 544007142?
0
What is the billions digit of 3836198784?
3
What is the hundred thousands digit of 4706384271?
3
What is the thousands digit of 254645951?
5
What is the hundred thousands digit of 796460981?
4
What is the ten thousands digit of 4595058489?
5
What is the ten millions digit of 324466303?
2
What is the hundred millions digit of 836487819?
8
What is the tens digit of 675945101?
0
What is the tens digit of 59925457?
5
What is the ten millions digit of 149454784?
4
What is the hundred thousands digit of 2778632005?
6
What is the millions digit of 45824809?
5
What is the hundreds digit of 496543973?
9
What is the ten millions digit of 5868813320?
6
What is the units digit of 43383431?
1
What is the hundred thousands digit of 538776378?
7
What is the tens digit of 152094209?
0
What is the ten millions digit of 85003447?
8
What is the thousands digit of 12183374?
3
What is the thousands digit of 169500405?
0
What is the hundreds digit of 57851371?
3
What is the thousands digit of 36963082?
3
What is the tens digit of 324892771?
7
What is the thousands digit of 80496770?
6
What is the units digit of 40287752?
2
What is the millions digit of 243457073?
3
What is the millions digit of 62836173?
2
What is the billions digit of 4029095107?
4
What is the ten thousands digit of 186871439?
7
What is the millions digit of 2839134364?
9
What is the hundred millions digit of 341098582?
3
What is the millions digit of 2214701019?
4
What is the hundreds digit of 2819167628?
6
What is the hundred millions digit of 3900882079?
9
What is the hundreds digit of 640557964?
9
What is the hundreds digit of 328850498?
4
What is the hundred thousands digit of 1639381339?
3
What is the units digit of 2862669562?
2
What is the hundred thousands digit of 133961558?
9
What is the millions digit of 266110843?
6
What is the hundred millions digit of 172586521?
1
What is the thousands digit of 95442902?
2
What is the hundreds digit of 2613076761?
7
What is the ten millions digit of 92463195?
9
What is the hundred thousands digit of 1118099339?
0
What is the thousands digit of 84306341?
6
What is the millions digit of 41434532?
1
What is the hundred thousands digit of 67347453?
3
What is the ten millions digit of 23354705?
2
What is the hundred millions digit of 2725899766?
7
What is the ten thousands digit of 92611768?
1
What is the hundred millions digit of 297089215?
2
What is the thousands digit of 40346484?
6
What is the tens digit of 3683307?
0
What is the hundreds digit of 64480232?
2
What is the hundred thousands digit of 45025750?
0
What is the hundred thousands digit of 461070260?
0
What is the millions digit of 126830510?
6
What is the thousands digit of 883848465?
8
What is the hundred thousands digit of 60369511?
3
What is the units digit of 1340915790?
0
What is the units digit of 159314264?
4
What is the thousands digit of 42011077?
1
What is the thousands digit of 38066291?
6
What is the ten thousands digit of 269173529?
7
What is the billions digit of 1902885683?
1
What is the hundred thousands digit of 1130369289?
3
What is the ten thousands digit of 82194654?
9
What is the thousands digit of 65941863?
1
What is the ten millions digit of 44368538?
4
What is the ten millions digit of 90884954?
9
What is the hundred thousands digit of 56018708?
0
What is the units digit of 66976854?
4
What is the ten millions digit of 130126579?
3
What is the tens digit of 71319393?
9
What is the thousands digit of 4404438573?
8
What is the units digit of 187034782?
2
What is the millions digit of 754759615?
4
What is the ten millions digit of 26978626?
2
What is the hundred millions digit of 193440537?
1
What is the ten thousands digit of 11078562?
7
What is the ten millions digit of 1954366505?
5
What is the ten millions digit of 99868539?
9
What is the millions digit of 202851780?
2
What is the units digit of 6023128429?
9
What is the hundreds digit of 143436164?
1
What is the ten thousands digit of 196470811?
7
What is the hundred thousands digit of 754929915?
9
What is the units digit of 3979111?
1
What is the ten millions digit of 6530620024?
3
What is the ten thousands digit of 504828821?
2
What is the millions digit of 348072317?
8
What is the billions digit of 1093429805?
1
What is the tens digit of 179726110?
1
What is the thousands digit of 532536774?
6
What is the tens digit of 87931009?
0
What is the tens digit of 441752851?
5
What is the tens digit of 3019560992?
9
What is the units digit of 72960582?
2
What is the ten millions digit of 36300075?
3
What is the hundred millions digit of 228693879?
2
What is the millions digit of 191945156?
1
What is the tens digit of 67302104?
0
What is the ten thousands digit of 3199927?
9
What is the ten thousands digit of 23925434?
2
What is the ten millions digit of 6836294574?
3
What is the ten thousands digit of 738435087?
3
What is the millions digit of 3517335649?
7
What is the hundred thousands digit of 145452560?
4
What is the hundred thousands digit of 5479281417?
2
What is the tens digit of 971395060?
6
What is the hundred thousands digit of 97993383?
9
What is the ten millions digit of 161213952?
6
What is the ten thousands digit of 452544816?
4
What is the thousands digit of 2135668949?
8
What is the ten thousands digit of 264497892?
9
What is the millions digit of 56982789?
6
What is the thousands digit of 23776509?
6
What is the hundred millions digit of 783173055?
7
What is the thousands digit of 306567355?
7
What is the ten millions digit of 47289895?
4
What is the millions digit of 30282475?
0
What is the hundreds digit of 235670091?
0
What is the millions digit of 33781248?
3
What is the units digit of 228133174?
4
What is the ten millions digit of 3403646145?
0
What is the hundred thousands digit of 1234979490?
9
What is the hundreds digit of 64550520?
5
What is the ten millions digit of 365289278?
6
What is the hundred millions digit of 513092400?
5
What is the ten millions digit of 16945107?
1
What is the thousands digit of 273437338?
7
What is the hundreds digit of 7512042?
0
What is the units digit of 42386912?
2
What is the hundred thousands digit of 178960120?
9
What is the units digit of 219913921?
1
What is the millions digit of 291299475?
1
What is the billions digit of 2472481716?
2
What is the hundred thousands digit of 4870556506?
5
What is the hundreds digit of 764136330?
3
What is the thousands digit of 41706471?
6
What is the millions digit of 67870451?
7
What is the hundreds digit of 78080250?
2
What is the ten millions digit of 1676027590?
7
What is the ten millions digit of 163052511?
6
What is the tens digit of 277965257?
5
What is the ten millions digit of 2945677486?
4
What is the ten thousands digit of 2330976?
3
What is the hundred millions digit of 605945029?
6
What is the millions digit of 7144236602?
4
What is the thousands digit of 297558010?
8
What is the hundred thousands digit of 96196442?
1
What is the thousands digit of 3908664749?
4
What is the tens digit of 949218172?
7
What is the tens digit of 5134763920?
2
What is the hundred thousands digit of 271473559?
4
What is the hundreds digit of 510714562?
5
What is the thousands digit of 2136755287?
5
What is the hundred thousands digit of 3971747509?
7
What is the ten millions digit of 100985801?
0
What is the thousands digit of 275302099?
2
What is the ten thousands digit of 290866803?
6
What is the units digit of 198669845?
5
What is the thousands digit of 1822418089?
8
What is the hundreds digit of 1402200154?
1
What is the hundreds digit of 33530582?
5
What is the ten millions digit of 263469641?
6
What is the millions digit of 861474935?
